by 98351.
4
Calculate the remainder when 917 is divided by 91.
7
What is the remainder when 563284 is divided by 39?
7
What is the remainder when 10582 is divided by 142?
74
What is the remainder when 69434 is divided by 18?
8
Calculate the remainder when 13123 is divided by 3.
1
Calculate the remainder when 2843 is divided by 403.
22
What is the remainder when 694957 is divided by 20?
17
Calculate the remainder when 17984 is divided by 1634.
10
What is the remainder when 604458 is divided by 41?
36
Calculate the remainder when 21641 is divided by 1088.
969
What is the remainder when 25764 is divided by 226?
0
Calculate the remainder when 77466 is divided by 101.
100
Calculate the remainder when 2593 is divided by 192.
97
What is the remainder when 130114 is divided by 20?
14
Calculate the remainder when 13106 is divided by 618.
128
What is the remainder when 24830 is divided by 497?
477
Calculate the remainder when 48100 is divided by 24043.
14
Calculate the remainder when 5751 is divided by 67.
56
Calculate the remainder when 2216 is divided by 614.
374
Calculate the remainder when 106240 is divided by 353.
340
Calculate the remainder when 2803 is divided by 101.
76
Calculate the remainder when 2318 is divided by 693.
239
What is the remainder when 63535 is divided by 606?
511
Calculate the remainder when 7394 is divided by 388.
22
Calculate the remainder when 926058 is divided by 1376.
10
Calculate the remainder when 507683 is divided by 5.
3
What is the remainder when 1207 is divided by 27?
19
Calculate the remainder when 11252 is divided by 1601.
45
Calculate the remainder when 71805 is divided by 1756.
1565
What is the remainder when 3149 is divided by 155?
49
Calculate the remainder when 1146 is divided by 290.
276
What is the remainder when 77280 is divided by 93?
90
Calculate the remainder when 3896849 is divided by 216.
209
What is the remainder when 38115 is divided by 3?
0
Calculate the remainder when 231512 is divided by 721.
71
What is the remainder when 84665 is divided by 147?
140
Calculate the remainder when 43641 is divided by 35.
31
What is the remainder when 3522 is divided by 82?
78
Calculate the remainder when 1704 is divided by 1700.
4
What is the remainder when 2225 is divided by 135?
65
What is the remainder when 5362 is divided by 96?
82
Calculate the remainder when 610 is divided by 140.
50
Calculate the remainder when 47753 is divided by 179.
139
Calculate the remainder when 3476 is divided by 557.
134
Calculate the remainder when 169903 is divided by 15.
13
Calculate the remainder when 306782 is divided by 76693.
10
What is the remainder when 4047 is divided by 290?
277
Calculate the remainder when 389986 is divided by 36.
34
What is the remainder when 543995 is divided by 14?
11
Calculate the remainder when 1580 is divided by 466.
182
What is the remainder when 480752 is divided by 12?
8
What is the remainder when 271489 is divided by 181?
170
What is the remainder when 84313 is divided by 197?
194
What is the remainder when 24196 is divided by 68?
56
Calculate the remainder when 1180386 is divided by 34.
8
Calculate the remainder when 11281 is divided by 3756.
13
What is the remainder when 464939 is divided by 82?
81
What is the remainder when 1362 is divided by 184?
74
What is the remainder when 3371 is divided by 501?
365
What is the remainder when 3358 is divided by 557?
16
What is the remainder when 633299 is divided by 150?
149
Calculate the remainder when 7835 is divided by 7794.
41
Calculate the remainder when 21414 is divided by 550.
514
What is the remainder when 367302 is divided by 98?
96
Calculate the remainder when 1186 is divided by 325.
211
Calculate the remainder when 661074 is divided by 17.
12
What is the remainder when 36555 is divided by 16?
11
What is the remainder when 7024 is divided by 33?
28
Calculate the remainder when 24053 is divided by 191.
178
What is the remainder when 81047 is divided by 88?
87
What is the remainder when 13759 is divided by 2750?
9
Calculate the remainder when 3587 is divided by 327.
317
What is the remainder when 180129 is divided by 180117?
12
What is the remainder when 1673 is divided by 39?
35
What is the remainder when 7120 is divided by 1145?
250
Calculate the remainder when 39903 is divided by 153.
123
Calculate the remainder when 5004 is divided by 1244.
28
Calculate the remainder when 215886 is divided by 18.
12
What is the remainder when 38039 is divided by 38033?
6
What is the remainder when 6041 is divided by 108?
101
What is the remainder when 29880 is divided by 100?
80
What is the remainder when 317 is divided by 98?
23
What is the remainder when 11092 is divided by 62?
56
What is the remainder when 10805 is divided by 29?
17
What is the remainder when 181805 is divided by 378?
365
What is the remainder when 14643 is divided by 7290?
63
Calculate the remainder when 1248722 is divided by 199.
196
Calculate the remainder when 60952 is divided by 15216.
88
Calculate the remainder when 532510 is divided by 625.
10
What is the remainder when 16640 is divided by 69?
11
What is the remainder when 150357 is divided by 15?
12
What is the remainder when 4866 is divided by 109?
70
What is the remainder when 9574 is divided by 533?
513
What is the remainder when 176088 is divided by 35209?
43
Calculate the remainder when 2148 is divided by 1072.
4
Calculate the remainder when 5636 is divided by 1469.
1229
What is the remainder when 135505 is divided by 19355?
20
What is the remainder when 5419 is divided by 308?
183
What is the remainder when 3789 is divided by 1267?
1255
Calculate the remainder when 279 is divided by 39.
6
What is the remainder when 1852 is divided by 333?
187
Calculate the remainder when 6225 is divided by 6.
3
Calculate the remainder when 2680172 is divided by 235.
232
Calculate the remainder when 24169 is divided by 1594.
259
What is the remainder when 2020805 is divided by 41?
38
What is the remainder when 6859 is divided by 109?
101
Calculate the remainder when 2559 is divided by 74.
43
Calculate the remainder when 33780 is divided by 100.
80
What is the remainder when 13200 is divided by 366?
24
Calculate the remainder when 3540 is divided by 517.
438
What is the remainder when 364339 is divided by 535?
4
What is the remainder when 1499169 is divided by 38?
31
What is the remainder when 19117 is divided by 9416?
285
What is the remainder when 46337 is divided by 61?
38
What is the remainder when 14092 is divided by 1173?
16
Calculate the remainder when 21652 is divided by 1663.
33
Calculate the remainder when 12778 is divided by 142.
140
What is the remainder when 2763 is divided by 1347?
69
What is the remainder when 136185 is divided by 8007?
66
What is the remainder when 7919 is divided by 465?
14
Calculate the remainder when 397 is divided by 92.
29
What is the remainder when 44504 is divided by 24?
8
Calculate the remainder when 378069 is divided by 14.
13
Calculate the remainder when 9401 is divided by 22.
7
Calculate the remainder when 117088 is divided by 9748.
112
What is the remainder when 128022 is divided by 569?
566
Calculate the remainder when 116543 is divided by 96.
95
What is the remainder when 14204 is divided by 302?
10
Calculate the remainder when 1763 is divided by 304.
243
Calculate the remainder when 2127 is divided by 701.
24
Calculate the remainder when 10649 is divided by 159.
155
Calculate the remainder when 150325 is divided by 50108.
1
What is the remainder when 787 is divided by 174?
91
Calculate the remainder when 37586 is divided by 15.
11
What is the remainder when 3259 is divided by 201?
43
What is the remainder when 37238 is divided by 13?
6
What is the remainder when 1036 is divided by 96?
76
What is the remainder when 55973 is divided by 905?
768
What is the remainder when 5408 is divided by 2531?
346
Calculate the remainder when 44721 is divided by 379.
378
Calculate the remainder when 33557 is divided by 303.
227
What is the remainder when 1371 is divided by 1342?
29
Calculate the remainder when 17770 is divided by 5918.
16
What is the remainder when 611351 is divided by 203780?
11
Calculate the remainder when 5202 is divided by 1027.
67
Calculate the remainder when 9497 is divided by 72.
65
Cal